dreds digit of 95363?
3
What is the thousands digit of 213438?
3
What is the units digit of 911596?
6
What is the millions digit of 4896362?
4
What is the hundreds digit of 6974409?
4
What is the tens digit of 8459016?
1
What is the tens digit of 5973844?
4
What is the units digit of 69062?
2
What is the tens digit of 5132532?
3
What is the hundred thousands digit of 919928?
9
What is the ten thousands digit of 26721?
2
What is the ten thousands digit of 38743189?
4
What is the thousands digit of 3865365?
5
What is the tens digit of 18831956?
5
What is the units digit of 203312?
2
What is the thousands digit of 158325?
8
What is the tens digit of 59048?
4
What is the tens digit of 508680?
8
What is the thousands digit of 437969?
7
What is the thousands digit of 1315567?
5
What is the units digit of 620557?
7
What is the ten thousands digit of 451219?
5
What is the millions digit of 6638570?
6
What is the units digit of 512633?
3
What is the units digit of 286553?
3
What is the thousands digit of 5009660?
9
What is the tens digit of 21721?
2
What is the tens digit of 1958998?
9
What is the hundred thousands digit of 10272222?
2
What is the thousands digit of 28796280?
6
What is the thousands digit of 6720494?
0
What is the ten millions digit of 14321087?
1
What is the tens digit of 816579?
7
What is the tens digit of 188370?
7
What is the thousands digit of 2353950?
3
What is the thousands digit of 81572?
1
What is the ten thousands digit of 18145652?
4
What is the hundreds digit of 1733653?
6
What is the tens digit of 1427260?
6
What is the ten thousands digit of 705355?
0
What is the thousands digit of 593026?
3
What is the ten thousands digit of 215174?
1
What is the units digit of 300982?
2
What is the units digit of 241745?
5
What is the thousands digit of 1612778?
2
What is the millions digit of 10839893?
0
What is the hundreds digit of 277072?
0
What is the units digit of 70878?
8
What is the ten thousands digit of 43371?
4
What is the hundreds digit of 867257?
2
What is the hundreds digit of 977071?
0
What is the hundred thousands digit of 1567540?
5
What is the units digit of 174506?
6
What is the ten thousands digit of 361107?
6
What is the ten thousands digit of 151748?
5
What is the hundred thousands digit of 3872083?
8
What is the thousands digit of 2311282?
1
What is the tens digit of 351818?
1
What is the thousands digit of 9272684?
2
What is the units digit of 18667?
7
What is the millions digit of 1077176?
1
What is the thousands digit of 152723?
2
What is the thousands digit of 757508?
7
What is the ten thousands digit of 833314?
3
What is the units digit of 332186?
6
What is the hundred thousands digit of 1028919?
0
What is the thousands digit of 27711?
7
What is the hundreds digit of 507701?
7
What is the hundred thousands digit of 3713673?
7
What is the ten thousands digit of 488101?
8
What is the hundreds digit of 124423?
4
What is the thousands digit of 3240273?
0
What is the units digit of 172587?
7
What is the hundreds digit of 167783?
7
What is the hundreds digit of 523935?
9
What is the hundred thousands digit of 133933?
1
What is the tens digit of 1226745?
4
What is the units digit of 312924?
4
What is the hundred thousands digit of 1825665?
8
What is the ten thousands digit of 48658?
4
What is the ten thousands digit of 2069024?
6
What is the tens digit of 980376?
7
What is the hundreds digit of 125266?
2
What is the ten thousands digit of 281764?
8
What is the hundreds digit of 3365466?
4
What is the hundreds digit of 502340?
3
What is the millions digit of 2771697?
2
What is the units digit of 3606668?
8
What is the hundred thousands digit of 1170378?
1
What is the ten thousands digit of 882864?
8
What is the hundreds digit of 624031?
0
What is the tens digit of 1285844?
4
What is the hundreds digit of 431656?
6
What is the millions digit of 4517139?
4
What is the ten thousands digit of 15986260?
8
What is the hundreds digit of 3322304?
3
What is the units digit of 2105644?
4
What is the tens digit of 12588076?
7
What is the units digit of 32125?
5
What is the ten thousands digit of 485377?
8
What is the thousands digit of 811083?
1
What is the tens digit of 14429971?
7
What is the hundreds digit of 194339?
3
What is the hundreds digit of 3639783?
7
What is the ten thousands digit of 217848?
1
What is the millions digit of 15020330?
5
What is the ten thousands digit of 453201?
5
What is the tens digit of 621907?
0
What is the thousands digit of 5406141?
6
What is the hundreds digit of 32236709?
7
What is the hundreds digit of 85067?
0
What is the hundreds digit of 244750?
7
What is the ten thousands digit of 10435161?
3
What is the thousands digit of 13303645?
3
What is the tens digit of 189299?
9
What is the hundreds digit of 6281077?
0
What is the tens digit of 2197731?
3
What is the tens digit of 388307?
0
What is the ten thousands digit of 214245?
1
What is the units digit of 4290250?
0
What is the hundreds digit of 506141?
1
What is the ten thousands digit of 1979125?
7
What is the hundreds digit of 133736?
7
What is the millions digit of 3151258?
3
What is the tens digit of 529708?
0
What is the ten millions digit of 14642546?
1
What is the hundreds digit of 1897608?
6
What is the thousands digit of 28842403?
2
What is the tens digit of 320312?
1
What is the ten thousands digit of 530433?
3
What is the thousands digit of 20123?
0
What is the hundred thousands digit of 10822501?
8
What is the millions digit of 2756332?
2
What is the thousands digit of 3061700?
1
What is the hundred thousands digit of 231855?
2
What is the units digit of 57575?
5
What is the ten thousands digit of 286565?
8
What is the hundred thousands digit of 13763990?
7
What is the millions digit of 1582933?
1
What is the units digit of 461455?
5
What is the millions digit of 31466073?
1
What is the hundreds digit of 503652?
6
What is the ten thousands digit of 5792004?
9
What is the hundreds digit of 3322839?
8
What is the thousands digit of 5940795?
0
What is the hundred thousands digit of 14306699?
3
What is the units digit of 454852?
2
What is the ten thousands digit of 45621?
4
What is the millions digit of 10689264?
0
What is the tens digit of 42768?
6
What is the hundred thousands digit of 28124198?
1
What is the units digit of 14129?
9
What is the units digit of 8621139?
9
What is the hundred thousands digit of 351945?
3
What is the millions digit of 1391767?
1
What is the units digit of 7366928?
8
What is the tens digit of 1519202?
0
What is the hundreds digit of 4222?
2
What is the millions digit of 6504907?
6
What is the tens digit of 65256?
5
What is the hundreds digit of 20634677?
6
What is the millions digit of 17939296?
7
What is the thousands digit of 4529672?
9
What is the units digit of 7896169?
9
What is the millions digit of 4181652?
4
What is the tens digit of 98870?
7
What is the ten thousands digit of 20832942?
3
What is the tens digit of 687913?
1
What is the millions digit of 3177762?
3
What is the units digit of 155898?
8
What is the ten thousands digit of 4266384?
6
What is the hundreds digit of 1772289?
2
What is the tens digit of 6875?
7
What is the ten thousands digit of 2867242?
6
What is the thousands digit of 208515?
8
What is the tens digit of 1581414?
1
What is the hundreds digit of 1089113?
1
What is the hundreds digit of 482101?
1
What is the units digit of 10069892?
2
What is the hundreds digit of 1243765?
7
What is the tens digit of 2570319?
1
What is the units digit of 19145372?
2
What is the units digit of 1956378?
8
What is the ten thousands digit of 466453?
6
What is the hundreds digit of 3598735?
7
What is the millions digit of 2983807?
2
What is the thousands digit of 552334?
2
What is the units digit of 1343687?
7
What is the units digit of 959528?
8
What is the thousands digit of 7700259?
0
What is the hundreds digit of 112321?
3
What is the tens digit of 81012?
1
What is the units digit of 72588?
8
What is the tens digit of 1931894?
9
What is the tens digit of 869973?
7
What is the ten thousands digit of 17816214?
1
What is the hundred thousands digit of 1362995?
3
What is the tens digit of 881768?
6
What is the hundreds digit of 372031?
0
What is the units digit of 3220525?
5
What is th